{"id":6360,"date":"2021-04-07T16:29:56","date_gmt":"2021-04-07T20:29:56","guid":{"rendered":"https:\/\/rdeecanada.flywheelstaging.com\/nouvelles\/un-bilan-positif-pour-le-premier-salon-virtuel-de-lemploi-en-petite-enfance\/"},"modified":"2021-04-07T16:29:58","modified_gmt":"2021-04-07T20:29:58","slug":"un-bilan-positif-pour-le-premier-salon-virtuel-de-lemploi-en-petite-enfance","status":"publish","type":"nouvelles","link":"https:\/\/rdee.ca\/en\/nouvelles\/un-bilan-positif-pour-le-premier-salon-virtuel-de-lemploi-en-petite-enfance\/","title":{"rendered":"Un bilan positif pour le premier Salon virtuel de l\u2019emploi en petite enfance!"},"content":{"rendered":"<p>Pour le bilan complet, consultez notre <a href=\"https:\/\/mailchi.mp\/a05742b56b98\/communiqu-bilan-du-1er-salon-viruel-de-lemploi-en-petite-enfance?e=4cac324118\">communiqu\u00e9<\/a> sur l&#8217;\u00e9v\u00e9nement!<\/p>\n<p>Pour d\u00e9couvrir notre initiative entrepreneuriale en petite enfance et les projets de nos membres, c&#8217;est par <a href=\"https:\/\/rdee.ca\/en\/projects\/national-early-years-strategy\/\">ici<\/a>!<\/p>\n","protected":false},"parent":0,"template":"","categorie-de-nouvelle":[],"class_list":["post-6360","nouvelles","type-nouvelles","status-publish","hentry"],"acf":[],"yoast_head":"<!-- This site is optimized with the Yoast SEO plugin v25.7 - https:\/\/yoast.com\/wordpress\/plugins\/seo\/ -->\n<title>Un bilan positif pour le premier Salon virtuel de l\u2019emploi en petite enfance! - RD\u00c9E Canada<\/title>\n<meta name=\"robots\" content=\"index, follow, max-snippet:-1, max-image-preview:large, max-video-preview:-1\" \/>\n<link rel=\"canonical\" href=\"https:\/\/rdee.ca\/en\/nouvelles\/un-bilan-positif-pour-le-premier-salon-virtuel-de-lemploi-en-petite-enfance\/\" \/>\n<meta property=\"og:locale\" content=\"en_US\" \/>\n<meta property=\"og:type\" content=\"article\" \/>\n<meta property=\"og:title\" content=\"Un bilan positif pour le premier Salon virtuel de l\u2019emploi en petite enfance! - RD\u00c9E Canada\" \/>\n<meta property=\"og:description\" content=\"Pour le bilan complet, consultez notre communiqu\u00e9 sur l&#8217;\u00e9v\u00e9nement! Pour d\u00e9couvrir notre initiative entrepreneuriale en petite enfance et les projets de nos membres, c&#8217;est par ici!\" \/>\n<meta property=\"og:url\" content=\"https:\/\/rdee.ca\/en\/nouvelles\/un-bilan-positif-pour-le-premier-salon-virtuel-de-lemploi-en-petite-enfance\/\" \/>\n<meta property=\"og:site_name\" content=\"RD\u00c9E Canada\" \/>\n<meta property=\"article:modified_time\" content=\"2021-04-07T20:29:58+00:00\" \/>\n<meta name=\"twitter:card\" content=\"summary_large_image\" \/>\n<script type=\"application\/ld+json\" class=\"yoast-schema-graph\">{\"@context\":\"https:\/\/schema.org\",\"@graph\":[{\"@type\":\"WebPage\",\"@id\":\"https:\/\/rdee.ca\/en\/nouvelles\/un-bilan-positif-pour-le-premier-salon-virtuel-de-lemploi-en-petite-enfance\/\",\"url\":\"https:\/\/rdee.ca\/en\/nouvelles\/un-bilan-positif-pour-le-premier-salon-virtuel-de-lemploi-en-petite-enfance\/\",\"name\":\"Un bilan positif pour le premier Salon virtuel de l\u2019emploi en petite enfance! - RD\u00c9E Canada\",\"isPartOf\":{\"@id\":\"https:\/\/rdee.ca\/#website\"},\"datePublished\":\"2021-04-07T20:29:56+00:00\",\"dateModified\":\"2021-04-07T20:29:58+00:00\",\"breadcrumb\":{\"@id\":\"https:\/\/rdee.ca\/en\/nouvelles\/un-bilan-positif-pour-le-premier-salon-virtuel-de-lemploi-en-petite-enfance\/#breadcrumb\"},\"inLanguage\":\"en-US\",\"potentialAction\":[{\"@type\":\"ReadAction\",\"target\":[\"https:\/\/rdee.ca\/en\/nouvelles\/un-bilan-positif-pour-le-premier-salon-virtuel-de-lemploi-en-petite-enfance\/\"]}]},{\"@type\":\"BreadcrumbList\",\"@id\":\"https:\/\/rdee.ca\/en\/nouvelles\/un-bilan-positif-pour-le-premier-salon-virtuel-de-lemploi-en-petite-enfance\/#breadcrumb\",\"itemListElement\":[{\"@type\":\"ListItem\",\"position\":1,\"name\":\"Accueil\",\"item\":\"https:\/\/rdee.ca\/en\/\"},{\"@type\":\"ListItem\",\"position\":2,\"name\":\"Nouvelles\",\"item\":\"https:\/\/rdee.ca\/nouvelles\/\"},{\"@type\":\"ListItem\",\"position\":3,\"name\":\"Un bilan positif pour le premier Salon virtuel de l\u2019emploi en petite enfance!\"}]},{\"@type\":\"WebSite\",\"@id\":\"https:\/\/rdee.ca\/#website\",\"url\":\"https:\/\/rdee.ca\/\",\"name\":\"RD\u00c9E Canada\",\"description\":\"Le leader du d\u00e9veloppement \u00e9conomique des communaut\u00e9s francophones et acadienne\",\"potentialAction\":[{\"@type\":\"SearchAction\",\"target\":{\"@type\":\"EntryPoint\",\"urlTemplate\":\"https:\/\/rdee.ca\/?s={search_term_string}\"},\"query-input\":{\"@type\":\"PropertyValueSpecification\",\"valueRequired\":true,\"valueName\":\"search_term_string\"}}],\"inLanguage\":\"en-US\"}]}<\/script>\n<!-- \/ Yoast SEO plugin. -->","yoast_head_json":{"title":"Un bilan positif pour le premier Salon virtuel de l\u2019emploi en petite enfance! - RD\u00c9E Canada","robots":{"index":"index","follow":"follow","max-snippet":"max-snippet:-1","max-image-preview":"max-image-preview:large","max-video-preview":"max-video-preview:-1"},"canonical":"https:\/\/rdee.ca\/en\/nouvelles\/un-bilan-positif-pour-le-premier-salon-virtuel-de-lemploi-en-petite-enfance\/","og_locale":"en_US","og_type":"article","og_title":"Un bilan positif pour le premier Salon virtuel de l\u2019emploi en petite enfance! - RD\u00c9E Canada","og_description":"Pour le bilan complet, consultez notre communiqu\u00e9 sur l&#8217;\u00e9v\u00e9nement! Pour d\u00e9couvrir notre initiative entrepreneuriale en petite enfance et les projets de nos membres, c&#8217;est par ici!","og_url":"https:\/\/rdee.ca\/en\/nouvelles\/un-bilan-positif-pour-le-premier-salon-virtuel-de-lemploi-en-petite-enfance\/","og_site_name":"RD\u00c9E Canada","article_modified_time":"2021-04-07T20:29:58+00:00","twitter_card":"summary_large_image","schema":{"@context":"https:\/\/schema.org","@graph":[{"@type":"WebPage","@id":"https:\/\/rdee.ca\/en\/nouvelles\/un-bilan-positif-pour-le-premier-salon-virtuel-de-lemploi-en-petite-enfance\/","url":"https:\/\/rdee.ca\/en\/nouvelles\/un-bilan-positif-pour-le-premier-salon-virtuel-de-lemploi-en-petite-enfance\/","name":"Un bilan positif pour le premier Salon virtuel de l\u2019emploi en petite enfance! - RD\u00c9E Canada","isPartOf":{"@id":"https:\/\/rdee.ca\/#website"},"datePublished":"2021-04-07T20:29:56+00:00","dateModified":"2021-04-07T20:29:58+00:00","breadcrumb":{"@id":"https:\/\/rdee.ca\/en\/nouvelles\/un-bilan-positif-pour-le-premier-salon-virtuel-de-lemploi-en-petite-enfance\/#breadcrumb"},"inLanguage":"en-US","potentialAction":[{"@type":"ReadAction","target":["https:\/\/rdee.ca\/en\/nouvelles\/un-bilan-positif-pour-le-premier-salon-virtuel-de-lemploi-en-petite-enfance\/"]}]},{"@type":"BreadcrumbList","@id":"https:\/\/rdee.ca\/en\/nouvelles\/un-bilan-positif-pour-le-premier-salon-virtuel-de-lemploi-en-petite-enfance\/#breadcrumb","itemListElement":[{"@type":"ListItem","position":1,"name":"Accueil","item":"https:\/\/rdee.ca\/en\/"},{"@type":"ListItem","position":2,"name":"Nouvelles","item":"https:\/\/rdee.ca\/nouvelles\/"},{"@type":"ListItem","position":3,"name":"Un bilan positif pour le premier Salon virtuel de l\u2019emploi en petite enfance!"}]},{"@type":"WebSite","@id":"https:\/\/rdee.ca\/#website","url":"https:\/\/rdee.ca\/","name":"RD\u00c9E Canada","description":"Le leader du d\u00e9veloppement \u00e9conomique des communaut\u00e9s francophones et acadienne","potentialAction":[{"@type":"SearchAction","target":{"@type":"EntryPoint","urlTemplate":"https:\/\/rdee.ca\/?s={search_term_string}"},"query-input":{"@type":"PropertyValueSpecification","valueRequired":true,"valueName":"search_term_string"}}],"inLanguage":"en-US"}]}},"publishpress_future_workflow_manual_trigger":{"enabledWorkflows":[]},"_links":{"self":[{"href":"https:\/\/rdee.ca\/en\/wp-json\/wp\/v2\/nouvelles\/6360","targetHints":{"allow":["GET"]}}],"collection":[{"href":"https:\/\/rdee.ca\/en\/wp-json\/wp\/v2\/nouvelles"}],"about":[{"href":"https:\/\/rdee.ca\/en\/wp-json\/wp\/v2\/types\/nouvelles"}],"version-history":[{"count":0,"href":"https:\/\/rdee.ca\/en\/wp-json\/wp\/v2\/nouvelles\/6360\/revisions"}],"wp:attachment":[{"href":"https:\/\/rdee.ca\/en\/wp-json\/wp\/v2\/media?parent=6360"}],"wp:term":[{"taxonomy":"categorie-de-nouvelle","embeddable":true,"href":"https:\/\/rdee.ca\/en\/wp-json\/wp\/v2\/categorie-de-nouvelle?post=6360"}],"curies":[{"name":"wp","href":"https:\/\/api.w.org\/{rel}","templated":true}]}}

<p>Pour le bilan complet, consultez notre <a href="https://mailchi.mp/a05742b56b98/communiqu-bilan-du-1er-salon-viruel-de-lemploi-en-petite-enfance?e=4cac324118">communiqué</a> sur l&#8217;événement!</p>
<p>Pour découvrir notre initiative entrepreneuriale en petite enfance et les projets de nos membres, c&#8217;est par <a href="https://rdee.ca/en/projects/national-early-years-strategy/">ici</a>!</p>

<!-- This site is optimized with the Yoast SEO plugin v25.7 - https://yoast.com/wordpress/plugins/seo/ -->
<title>Un bilan positif pour le premier Salon virtuel de l’emploi en petite enfance! - RDÉE Canada</title>
<meta name="robots" content="index, follow, max-snippet:-1, max-image-preview:large, max-video-preview:-1" />
<link rel="canonical" href="https://rdee.ca/en/nouvelles/un-bilan-positif-pour-le-premier-salon-virtuel-de-lemploi-en-petite-enfance/" />
<meta property="og:locale" content="en_US" />
<meta property="og:type" content="article" />
<meta property="og:title" content="Un bilan positif pour le premier Salon virtuel de l’emploi en petite enfance! - RDÉE Canada" />
<meta property="og:description" content="Pour le bilan complet, consultez notre communiqué sur l&#8217;événement! Pour découvrir notre initiative entrepreneuriale en petite enfance et les projets de nos membres, c&#8217;est par ici!" />
<meta property="og:url" content="https://rdee.ca/en/nouvelles/un-bilan-positif-pour-le-premier-salon-virtuel-de-lemploi-en-petite-enfance/" />
<meta property="og:site_name" content="RDÉE Canada" />
<meta property="article:modified_time" content="2021-04-07T20:29:58+00:00" />
<meta name="twitter:card" content="summary_large_image" />
<script type="application/ld+json" class="yoast-schema-graph">{"@context":"https://schema.org","@graph":[{"@type":"WebPage","@id":"https://rdee.ca/en/nouvelles/un-bilan-positif-pour-le-premier-salon-virtuel-de-lemploi-en-petite-enfance/","url":"https://rdee.ca/en/nouvelles/un-bilan-positif-pour-le-premier-salon-virtuel-de-lemploi-en-petite-enfance/","name":"Un bilan positif pour le premier Salon virtuel de l’emploi en petite enfance! - RDÉE Canada","isPartOf":{"@id":"https://rdee.ca/#website"},"datePublished":"2021-04-07T20:29:56+00:00","dateModified":"2021-04-07T20:29:58+00:00","breadcrumb":{"@id":"https://rdee.ca/en/nouvelles/un-bilan-positif-pour-le-premier-salon-virtuel-de-lemploi-en-petite-enfance/#breadcrumb"},"inLanguage":"en-US","potentialAction":[{"@type":"ReadAction","target":["https://rdee.ca/en/nouvelles/un-bilan-positif-pour-le-premier-salon-virtuel-de-lemploi-en-petite-enfance/"]}]},{"@type":"BreadcrumbList","@id":"https://rdee.ca/en/nouvelles/un-bilan-positif-pour-le-premier-salon-virtuel-de-lemploi-en-petite-enfance/#breadcrumb","itemListElement":[{"@type":"ListItem","position":1,"name":"Accueil","item":"https://rdee.ca/en/"},{"@type":"ListItem","position":2,"name":"Nouvelles","item":"https://rdee.ca/nouvelles/"},{"@type":"ListItem","position":3,"name":"Un bilan positif pour le premier Salon virtuel de l’emploi en petite enfance!"}]},{"@type":"WebSite","@id":"https://rdee.ca/#website","url":"https://rdee.ca/","name":"RDÉE Canada","description":"Le leader du développement économique des communautés francophones et acadienne","potentialAction":[{"@type":"SearchAction","target":{"@type":"EntryPoint","urlTemplate":"https://rdee.ca/?s={search_term_string}"},"query-input":{"@type":"PropertyValueSpecification","valueRequired":true,"valueName":"search_term_string"}}],"inLanguage":"en-US"}]}</script>
<!-- / Yoast SEO plugin. -->

Un bilan positif pour le premier Salon virtuel de l’emploi en petite enfance! - RDÉE Canada

Pour le bilan complet, consultez notre communiqué sur l&#8217;événement! Pour découvrir notre initiative entrepreneuriale en petite enfance et les projets de nos membres, c&#8217;est par ici!

RDÉE Canada

Le leader du développement économique des communautés francophones et acadienne
