{"id":3899,"date":"2020-04-02T10:38:44","date_gmt":"2020-04-02T14:38:44","guid":{"rendered":"http:\/\/staging.rdeecanada.flywheelsites.com\/nouvelles\/evenement-entreprimm\/"},"modified":"2020-04-02T10:38:44","modified_gmt":"2020-04-02T14:38:44","slug":"evenement-entreprimm","status":"publish","type":"nouvelles","link":"https:\/\/rdee.ca\/en\/nouvelles\/evenement-entreprimm\/","title":{"rendered":"\u00c9v\u00e9nement ENTREPR\u2019imm"},"content":{"rendered":"<p><strong>Le RD\u00c9E Canada organise un \u00e9v\u00e9nement pour marquer la semaine de l\u2019immigration francophone 2019 !<\/strong><\/p>\n<p>Au programme : un cocktail d\u00eenatoire, une pr\u00e9sentation du nouveau guide entrepreneurial en ligne, une conf\u00e9rence, un atelier et du r\u00e9seautage !<\/p>\n<p>Joignez-vous \u00e0 nous et venez rencontrer des entrepreneurs francophones issus de l\u2019immigration! *<\/p>\n<p>* Le masculin est utilis\u00e9 pour all\u00e9ger le texte.<\/p>\n<p>Dans le cadre de la semaine nationale de l\u2019immigration francophone 2019, le RD\u00c9E Canada encourage la\u00a0<strong>diversit\u00e9<\/strong>\u00a0sur le lieu de travail et souligne l\u2019ensemble des\u00a0<strong>initiatives<\/strong>\u00a0apport\u00e9es, tout au long de l\u2019ann\u00e9e, par son\u00a0<strong>r\u00e9seau<\/strong>\u00a0en mati\u00e8re d\u2019<strong>immigration<\/strong>, d\u2019<strong>employabilit\u00e9<\/strong>\u00a0et d\u2019<strong>entrepreneuriat<\/strong>.<\/p>\n","protected":false},"parent":0,"template":"","categorie-de-nouvelle":[],"class_list":["post-3899","nouvelles","type-nouvelles","status-publish","hentry"],"acf":[],"yoast_head":"<!-- This site is optimized with the Yoast SEO plugin v25.7 - https:\/\/yoast.com\/wordpress\/plugins\/seo\/ -->\n<title>\u00c9v\u00e9nement ENTREPR\u2019imm - RD\u00c9E Canada<\/title>\n<meta name=\"robots\" content=\"index, follow, max-snippet:-1, max-image-preview:large, max-video-preview:-1\" \/>\n<link rel=\"canonical\" href=\"https:\/\/rdee.ca\/en\/nouvelles\/evenement-entreprimm\/\" \/>\n<meta property=\"og:locale\" content=\"en_US\" \/>\n<meta property=\"og:type\" content=\"article\" \/>\n<meta property=\"og:title\" content=\"\u00c9v\u00e9nement ENTREPR\u2019imm - RD\u00c9E Canada\" \/>\n<meta property=\"og:description\" content=\"Le RD\u00c9E Canada organise un \u00e9v\u00e9nement pour marquer la semaine de l\u2019immigration francophone 2019 ! Au programme : un cocktail d\u00eenatoire, une pr\u00e9sentation du nouveau guide entrepreneurial en ligne, une conf\u00e9rence, un atelier et du r\u00e9seautage ! Joignez-vous \u00e0 nous et venez rencontrer des entrepreneurs francophones issus de l\u2019immigration! * * Le masculin est utilis\u00e9 [&hellip;]\" \/>\n<meta property=\"og:url\" content=\"https:\/\/rdee.ca\/en\/nouvelles\/evenement-entreprimm\/\" \/>\n<meta property=\"og:site_name\" content=\"RD\u00c9E Canada\" \/>\n<meta name=\"twitter:card\" content=\"summary_large_image\" \/>\n<meta name=\"twitter:label1\" content=\"Est. reading time\" \/>\n\t<meta name=\"twitter:data1\" content=\"1 minute\" \/>\n<script type=\"application\/ld+json\" class=\"yoast-schema-graph\">{\"@context\":\"https:\/\/schema.org\",\"@graph\":[{\"@type\":\"WebPage\",\"@id\":\"https:\/\/rdee.ca\/en\/nouvelles\/evenement-entreprimm\/\",\"url\":\"https:\/\/rdee.ca\/en\/nouvelles\/evenement-entreprimm\/\",\"name\":\"\u00c9v\u00e9nement ENTREPR\u2019imm - RD\u00c9E Canada\",\"isPartOf\":{\"@id\":\"https:\/\/rdee.ca\/#website\"},\"datePublished\":\"2020-04-02T14:38:44+00:00\",\"breadcrumb\":{\"@id\":\"https:\/\/rdee.ca\/en\/nouvelles\/evenement-entreprimm\/#breadcrumb\"},\"inLanguage\":\"en-US\",\"potentialAction\":[{\"@type\":\"ReadAction\",\"target\":[\"https:\/\/rdee.ca\/en\/nouvelles\/evenement-entreprimm\/\"]}]},{\"@type\":\"BreadcrumbList\",\"@id\":\"https:\/\/rdee.ca\/en\/nouvelles\/evenement-entreprimm\/#breadcrumb\",\"itemListElement\":[{\"@type\":\"ListItem\",\"position\":1,\"name\":\"Accueil\",\"item\":\"https:\/\/rdee.ca\/en\/\"},{\"@type\":\"ListItem\",\"position\":2,\"name\":\"Nouvelles\",\"item\":\"https:\/\/rdee.ca\/nouvelles\/\"},{\"@type\":\"ListItem\",\"position\":3,\"name\":\"\u00c9v\u00e9nement ENTREPR\u2019imm\"}]},{\"@type\":\"WebSite\",\"@id\":\"https:\/\/rdee.ca\/#website\",\"url\":\"https:\/\/rdee.ca\/\",\"name\":\"RD\u00c9E Canada\",\"description\":\"Le leader du d\u00e9veloppement \u00e9conomique des communaut\u00e9s francophones et acadienne\",\"potentialAction\":[{\"@type\":\"SearchAction\",\"target\":{\"@type\":\"EntryPoint\",\"urlTemplate\":\"https:\/\/rdee.ca\/?s={search_term_string}\"},\"query-input\":{\"@type\":\"PropertyValueSpecification\",\"valueRequired\":true,\"valueName\":\"search_term_string\"}}],\"inLanguage\":\"en-US\"}]}<\/script>\n<!-- \/ Yoast SEO plugin. -->","yoast_head_json":{"title":"\u00c9v\u00e9nement ENTREPR\u2019imm - RD\u00c9E Canada","robots":{"index":"index","follow":"follow","max-snippet":"max-snippet:-1","max-image-preview":"max-image-preview:large","max-video-preview":"max-video-preview:-1"},"canonical":"https:\/\/rdee.ca\/en\/nouvelles\/evenement-entreprimm\/","og_locale":"en_US","og_type":"article","og_title":"\u00c9v\u00e9nement ENTREPR\u2019imm - RD\u00c9E Canada","og_description":"Le RD\u00c9E Canada organise un \u00e9v\u00e9nement pour marquer la semaine de l\u2019immigration francophone 2019 ! Au programme : un cocktail d\u00eenatoire, une pr\u00e9sentation du nouveau guide entrepreneurial en ligne, une conf\u00e9rence, un atelier et du r\u00e9seautage ! Joignez-vous \u00e0 nous et venez rencontrer des entrepreneurs francophones issus de l\u2019immigration! * * Le masculin est utilis\u00e9 [&hellip;]","og_url":"https:\/\/rdee.ca\/en\/nouvelles\/evenement-entreprimm\/","og_site_name":"RD\u00c9E Canada","twitter_card":"summary_large_image","twitter_misc":{"Est. reading time":"1 minute"},"schema":{"@context":"https:\/\/schema.org","@graph":[{"@type":"WebPage","@id":"https:\/\/rdee.ca\/en\/nouvelles\/evenement-entreprimm\/","url":"https:\/\/rdee.ca\/en\/nouvelles\/evenement-entreprimm\/","name":"\u00c9v\u00e9nement ENTREPR\u2019imm - RD\u00c9E Canada","isPartOf":{"@id":"https:\/\/rdee.ca\/#website"},"datePublished":"2020-04-02T14:38:44+00:00","breadcrumb":{"@id":"https:\/\/rdee.ca\/en\/nouvelles\/evenement-entreprimm\/#breadcrumb"},"inLanguage":"en-US","potentialAction":[{"@type":"ReadAction","target":["https:\/\/rdee.ca\/en\/nouvelles\/evenement-entreprimm\/"]}]},{"@type":"BreadcrumbList","@id":"https:\/\/rdee.ca\/en\/nouvelles\/evenement-entreprimm\/#breadcrumb","itemListElement":[{"@type":"ListItem","position":1,"name":"Accueil","item":"https:\/\/rdee.ca\/en\/"},{"@type":"ListItem","position":2,"name":"Nouvelles","item":"https:\/\/rdee.ca\/nouvelles\/"},{"@type":"ListItem","position":3,"name":"\u00c9v\u00e9nement ENTREPR\u2019imm"}]},{"@type":"WebSite","@id":"https:\/\/rdee.ca\/#website","url":"https:\/\/rdee.ca\/","name":"RD\u00c9E Canada","description":"Le leader du d\u00e9veloppement \u00e9conomique des communaut\u00e9s francophones et acadienne","potentialAction":[{"@type":"SearchAction","target":{"@type":"EntryPoint","urlTemplate":"https:\/\/rdee.ca\/?s={search_term_string}"},"query-input":{"@type":"PropertyValueSpecification","valueRequired":true,"valueName":"search_term_string"}}],"inLanguage":"en-US"}]}},"publishpress_future_workflow_manual_trigger":{"enabledWorkflows":[]},"_links":{"self":[{"href":"https:\/\/rdee.ca\/en\/wp-json\/wp\/v2\/nouvelles\/3899","targetHints":{"allow":["GET"]}}],"collection":[{"href":"https:\/\/rdee.ca\/en\/wp-json\/wp\/v2\/nouvelles"}],"about":[{"href":"https:\/\/rdee.ca\/en\/wp-json\/wp\/v2\/types\/nouvelles"}],"version-history":[{"count":0,"href":"https:\/\/rdee.ca\/en\/wp-json\/wp\/v2\/nouvelles\/3899\/revisions"}],"wp:attachment":[{"href":"https:\/\/rdee.ca\/en\/wp-json\/wp\/v2\/media?parent=3899"}],"wp:term":[{"taxonomy":"categorie-de-nouvelle","embeddable":true,"href":"https:\/\/rdee.ca\/en\/wp-json\/wp\/v2\/categorie-de-nouvelle?post=3899"}],"curies":[{"name":"wp","href":"https:\/\/api.w.org\/{rel}","templated":true}]}}

Événement ENTREPR’imm

<p><strong>Le RDÉE Canada organise un événement pour marquer la semaine de l’immigration francophone 2019 !</strong></p>
<p>Au programme : un cocktail dînatoire, une présentation du nouveau guide entrepreneurial en ligne, une conférence, un atelier et du réseautage !</p>
<p>Joignez-vous à nous et venez rencontrer des entrepreneurs francophones issus de l’immigration! *</p>
<p>* Le masculin est utilisé pour alléger le texte.</p>
<p>Dans le cadre de la semaine nationale de l’immigration francophone 2019, le RDÉE Canada encourage la <strong>diversité</strong> sur le lieu de travail et souligne l’ensemble des <strong>initiatives</strong> apportées, tout au long de l’année, par son <strong>réseau</strong> en matière d’<strong>immigration</strong>, d’<strong>employabilité</strong> et d’<strong>entrepreneuriat</strong>.</p>

<!-- This site is optimized with the Yoast SEO plugin v25.7 - https://yoast.com/wordpress/plugins/seo/ -->
<title>Événement ENTREPR’imm - RDÉE Canada</title>
<meta name="robots" content="index, follow, max-snippet:-1, max-image-preview:large, max-video-preview:-1" />
<link rel="canonical" href="https://rdee.ca/en/nouvelles/evenement-entreprimm/" />
<meta property="og:locale" content="en_US" />
<meta property="og:type" content="article" />
<meta property="og:title" content="Événement ENTREPR’imm - RDÉE Canada" />
<meta property="og:description" content="Le RDÉE Canada organise un événement pour marquer la semaine de l’immigration francophone 2019 ! Au programme : un cocktail dînatoire, une présentation du nouveau guide entrepreneurial en ligne, une conférence, un atelier et du réseautage ! Joignez-vous à nous et venez rencontrer des entrepreneurs francophones issus de l’immigration! * * Le masculin est utilisé [&hellip;]" />
<meta property="og:url" content="https://rdee.ca/en/nouvelles/evenement-entreprimm/" />
<meta property="og:site_name" content="RDÉE Canada" />
<meta name="twitter:card" content="summary_large_image" />
<meta name="twitter:label1" content="Est. reading time" />
	<meta name="twitter:data1" content="1 minute" />
<script type="application/ld+json" class="yoast-schema-graph">{"@context":"https://schema.org","@graph":[{"@type":"WebPage","@id":"https://rdee.ca/en/nouvelles/evenement-entreprimm/","url":"https://rdee.ca/en/nouvelles/evenement-entreprimm/","name":"Événement ENTREPR’imm - RDÉE Canada","isPartOf":{"@id":"https://rdee.ca/#website"},"datePublished":"2020-04-02T14:38:44+00:00","breadcrumb":{"@id":"https://rdee.ca/en/nouvelles/evenement-entreprimm/#breadcrumb"},"inLanguage":"en-US","potentialAction":[{"@type":"ReadAction","target":["https://rdee.ca/en/nouvelles/evenement-entreprimm/"]}]},{"@type":"BreadcrumbList","@id":"https://rdee.ca/en/nouvelles/evenement-entreprimm/#breadcrumb","itemListElement":[{"@type":"ListItem","position":1,"name":"Accueil","item":"https://rdee.ca/en/"},{"@type":"ListItem","position":2,"name":"Nouvelles","item":"https://rdee.ca/nouvelles/"},{"@type":"ListItem","position":3,"name":"Événement ENTREPR’imm"}]},{"@type":"WebSite","@id":"https://rdee.ca/#website","url":"https://rdee.ca/","name":"RDÉE Canada","description":"Le leader du développement économique des communautés francophones et acadienne","potentialAction":[{"@type":"SearchAction","target":{"@type":"EntryPoint","urlTemplate":"https://rdee.ca/?s={search_term_string}"},"query-input":{"@type":"PropertyValueSpecification","valueRequired":true,"valueName":"search_term_string"}}],"inLanguage":"en-US"}]}</script>
<!-- / Yoast SEO plugin. -->

Événement ENTREPR’imm - RDÉE Canada

Le RDÉE Canada organise un événement pour marquer la semaine de l’immigration francophone 2019 ! Au programme : un cocktail dînatoire, une présentation du nouveau guide entrepreneurial en ligne, une conférence, un atelier et du réseautage ! Joignez-vous à nous et venez rencontrer des entrepreneurs francophones issus de l’immigration! * * Le masculin est utilisé [&hellip;]

RDÉE Canada

Le leader du développement économique des communautés francophones et acadienne
